ommon divisor of 25 and 100.
25
Calculate the greatest common divisor of 21952 and 672.
224
Calculate the greatest common factor of 330 and 150.
30
What is the highest common divisor of 63 and 126?
63
Calculate the highest common divisor of 4025 and 1400.
175
What is the highest common divisor of 3348 and 108?
108
Calculate the highest common factor of 144 and 9.
9
Calculate the greatest common factor of 6845 and 10.
5
What is the highest common factor of 488 and 2013?
61
Calculate the highest common factor of 25 and 3925.
25
Calculate the greatest common divisor of 896 and 512.
128
Calculate the greatest common divisor of 400 and 17300.
100
What is the highest common factor of 1 and 67?
1
What is the highest common divisor of 24 and 81?
3
Calculate the highest common divisor of 35 and 1897.
7
Calculate the greatest common divisor of 1080 and 40.
40
What is the highest common divisor of 2652 and 1428?
204
What is the greatest common factor of 513 and 297?
27
What is the highest common factor of 17 and 3?
1
What is the greatest common divisor of 768 and 48?
48
Calculate the highest common divisor of 14 and 161.
7
What is the highest common factor of 372 and 62?
62
What is the greatest common factor of 50 and 500?
50
What is the greatest common divisor of 1660 and 80?
20
What is the highest common divisor of 294 and 6?
6
What is the greatest common factor of 833 and 595?
119
Calculate the highest common factor of 350 and 30.
10
Calculate the highest common divisor of 96 and 2208.
96
What is the highest common divisor of 80 and 640?
80
What is the greatest common divisor of 39 and 1833?
39
Calculate the greatest common divisor of 42 and 48.
6
What is the greatest common divisor of 11 and 4829?
11
What is the highest common divisor of 420 and 930?
30
Calculate the highest common divisor of 54 and 351.
27
What is the greatest common divisor of 224 and 464?
16
Calculate the highest common factor of 5684 and 232.
116
Calculate the greatest common factor of 60 and 5145.
15
Calculate the greatest common factor of 1593 and 27.
27
What is the highest common divisor of 1057 and 7?
7
Calculate the greatest common divisor of 30 and 690.
30
What is the greatest common divisor of 40 and 28?
4
What is the highest common divisor of 25 and 50?
25
What is the highest common divisor of 396 and 828?
36
What is the greatest common divisor of 234 and 36?
18
What is the highest common factor of 6 and 426?
6
Calculate the greatest common factor of 17 and 4471.
17
Calculate the highest common divisor of 14 and 15.
1
Calculate the highest common factor of 14760 and 20.
20
What is the greatest common divisor of 9490 and 73?
73
Calculate the highest common factor of 600 and 16350.
150
Calculate the greatest common factor of 187 and 11.
11
What is the highest common factor of 671 and 610?
61
What is the highest common factor of 369 and 2132?
41
Calculate the greatest common factor of 410 and 738.
82
Calculate the highest common factor of 198 and 704.
22
What is the greatest common divisor of 35 and 63?
7
Calculate the highest common factor of 138 and 72.
6
Calculate the greatest common divisor of 44 and 88.
44
Calculate the greatest common factor of 8192 and 160.
32
What is the greatest common divisor of 25 and 3985?
5
What is the greatest common factor of 23 and 2507?
23
What is the highest common factor of 30 and 9000?
30
What is the greatest common divisor of 450 and 9675?
225
What is the highest common factor of 2625 and 21?
21
Calculate the highest common factor of 15 and 60.
15
What is the highest common divisor of 54 and 2403?
27
Calculate the greatest common divisor of 31 and 7781.
31
Calculate the greatest common divisor of 115 and 207.
23
Calculate the greatest common factor of 2592 and 2.
2
Calculate the highest common divisor of 240 and 168.
24
Calculate the highest common factor of 6593 and 19.
19
Calculate the greatest common divisor of 22 and 8206.
22
Calculate the highest common factor of 1482 and 114.
114
Calculate the greatest common factor of 1539 and 57.
57
Calculate the highest common divisor of 1274 and 56.
14
Calculate the highest common divisor of 23248 and 4.
4
What is the highest common factor of 3 and 393?
3
What is the highest common factor of 12 and 36?
12
Calculate the greatest common factor of 95 and 57.
19
What is the highest common divisor of 84 and 910?
14
What is the greatest common factor of 341 and 44?
11
What is the highest common factor of 1179 and 36?
9
What is the highest common divisor of 90 and 480?
30
What is the greatest common factor of 147 and 6321?
147
What is the highest common factor of 1904 and 51?
17
Calculate the greatest common factor of 4559 and 235.
47
What is the highest common divisor of 28 and 644?
28
Calculate the greatest common divisor of 3 and 3189.
3
Calculate the highest common divisor of 140 and 4060.
140
What is the highest common factor of 79 and 2133?
79
Calculate the greatest common factor of 4 and 2.
2
What is the greatest common factor of 32 and 80?
16
What is the highest common divisor of 473 and 11?
11
What is the highest common factor of 616 and 11?
11
What is the greatest common divisor of 15 and 335?
5
What is the highest common divisor of 621 and 46?
23
Calculate the highest common divisor of 126 and 966.
42
What is the highest common divisor of 14548 and 4?
4
Calculate the highest common divisor of 123 and 6.
3
What is the highest common factor of 16 and 76?
4
Calculate the greatest common factor of 78 and 25623.
39
What is the greatest common factor of 930 and 120?
30
What is the greatest common divisor of 5117 and 903?
301
What is the highest common factor of 768 and 48?
48
Calculate the greatest common divisor of 24 and 3228.
12
Calculate the greatest common factor of 583 and 106.
53
What is the greatest common divisor of 429 and 39?
39
What is the greatest common factor of 76 and 1387?
19
Calculate the greatest common divisor of 85 and 85.
85
Calculate the greatest common factor of 319 and 25201.
319
Calculate the greatest common factor of 858 and 52.
26
Calculate the highest common factor of 252 and 336.
84
Calculate the greatest common divisor of 155 and 10.
5
What is the highest common factor of 52 and 416?
52
Calculate the greatest common divisor of 575 and 1541.
23
Calculate the greatest common factor of 110 and 410.
10
What is the greatest common divisor of 420 and 400?
20
What is the greatest common factor of 106 and 57187?
53
Calculate the greatest common divisor of 186 and 4.
2
What is the greatest common divisor of 149 and 25181?
149
What is the greatest common factor of 2 and 178?
2
Calculate the greatest common divisor of 23 and 69.
23
What is the highest common divisor of 4 and 284?
4
What is the greatest common factor of 336 and 48?
48
What is the highest common factor of 66 and 22?
22
What is the greatest common divisor of 224 and 6608?
112
What is the highest common factor of 2 and 268?
2
Calculate the highest common factor of 212 and 2809.
53
Calculate the greatest common factor of 6 and 17130.
6
Calculate the greatest common divisor of 46 and 138.
46
What is the greatest common factor of 12 and 225?
3
What is the greatest common divisor of 576 and 40?
8
Calculate the highest common factor of 64 and 1328.
16
What is the greatest common factor of 8961 and 618?
309
What is the greatest common factor of 8 and 3752?
8
Calculate the highest common factor of 9 and 102.
3
What is the highest common divisor of 55580 and 14?
14
What is the highest common factor of 5 and 11?
1
Calculate the highest common divisor of 50 and 40.
10
What is the greatest common factor of 190 and 17195?
95
What is the greatest common factor of 365 and 5?
5
Calculate the highest common factor of 75 and 120.
15
Calculate the highest common divisor of 9058 and 56.
14
Calculate the highest common divisor of 453 and 151.
151
Calculate the highest common factor of 450 and 1035.
45
Calculate the greatest common factor of 30054 and 6.
6
What is the greatest common factor of 217 and 15314?
31
Calculate the greatest common factor of 510 and 135.
15
Calculate the highest common factor of 221 and 272.
17
What is the greatest common divisor of 261 and 6641?
29
Calculate the greatest common factor of 41195 and 107.
